
Suppose -9*w = -4*w - 50. Let p be 6/w + (-28)/(-20). Suppose 3*y - 27 = -p*j, -j - 48 = -4*j - 2*y. What are the prime factors of j?
2, 3
Suppose 3*n = -3*n + 240. List the prime factors of (105/(-60))/((-2)/n).
5, 7
Let w(i) = 2*i + 1. Let d be w(3). Suppose d - 22 = -s. Suppose 0 = 3*m - 5*p - 67, 0 = 2*m - 5*p - 33 - s. List the prime factors of m.
19
Let b(k) = k**2 + 3*k - 6. Let j be b(-5). Suppose 4*d = n - 98, 0 = -j*n + 3*n - 4*d + 58. Let u = -37 + n. What are the prime factors of u?
41
Let p(a) be the first derivative of -3*a**2 - 2*a + 11. Let h(i) = 11*i + 4. Let f(m) = 3*h(m) + 5*p(m). What are the prime factors of f(5)?
17
Let c(f) be the second derivative of 59*f**4/12 + f**3/6 + 17*f. List the prime factors of c(-1).
2, 29
Suppose -5*z + 3*h - 1053 = -7*z, -z = -2*h - 509. List the prime factors of z.
3, 173
List the prime factors of -1689*(3/5)/((-252)/280).
2, 563
Suppose -4*a = -5*k + 118, 10 + 2 = k + 5*a. Let d be (-2)/4 + 99/k. Suppose -d*v + 71 = -g, -3*g = -6*g + 3. What are the prime factors of v?
2, 3
Let s(r) = r**2 + 9*r - 9. Let u be (-9 + -4)*(0 + 1). List the prime factors of s(u).
43
Let m(b) = -362*b + 284. List the prime factors of m(-4).
2, 433
Let t(x) = 2*x**2 - 6*x + 5. Let m(j) = j**3 - 3*j**2 - 3*j + 1. Let b be m(4). List the prime factors of t(b).
5
Suppose 2*q = -4*d + 22, d = 3*q - 3*d + 7. Suppose 2 = q*k - 7. Suppose -k*h = -41 - 10. List the prime factors of h.
17
Suppose -12*k - 20*k + 31296 = 0. List the prime factors of k.
2, 3, 163
Suppose -230 = -3*p - 2*p. Suppose -4*o + 5*x + 131 = -251, -x = -3*o + 292. Let a = o - p. List the prime factors of a.
2, 13
Suppose -230*q = -221*q - 15318. List the prime factors of q.
2, 23, 37
Let d = -160 + 1189. What are the prime factors of d?
3, 7
List the prime factors of ((-245)/(-10) - -4)*112/6.
2, 7, 19
Let x = 285 + -96. Let j = -112 + x. List the prime factors of j.
7, 11
Let b be ((-4)/5)/(11/(-55)). Suppose 0 = -5*j + 4*y + 65, 2*y + b + 22 = 2*j. Suppose 48 = j*p - 9*p. List the prime factors of p.
2, 3
Let t(f) = -53*f + 13. What are the prime factors of t(-18)?
967
Let y(p) be the first derivative of 2*p**3/3 + 4*p**2 + 4*p - 31. Suppose -a = -3*f - 15, 5*f - 4*a + 12 = -6. What are the prime factors of y(f)?
2, 7
Let r be 6/(-27) + 1892/9. Suppose -7*k + 301 = -r. List the prime factors of k.
73
Let k(b) = -b**3 + 4*b**2 + 7*b - 7. Suppose 22 = 5*z + 3*a, 2*z + 2*a - 9 = -1. Let p be k(z). What are the prime factors of 31/((-3)/p + 2)?
31
Suppose 1844 + 2276 = 20*i. What are the prime factors of i?
2, 103
Let b = 4 - -3. List the prime factors of 3 - b/((-28)/(-18))*-2.
2, 3
List the prime factors of ((-1)/((-4)/158))/(2/24).
2, 3, 79
Let c = 16 - -1. Let h be 8/(-20) + c/5. Suppose -2*m = -2*f - 36, -m - h*f + 65 = 3*m. What are the prime factors of m?
17
Let c(w) = 9*w**2 - 3*w - 2. Let h be c(-3). Suppose 2*t - 20 = 20. Suppose 18*u = t*u - h. List the prime factors of u.
2, 11
Suppose 15*o - 40 = 5*o. Let v(d) = 13*d + 9. What are the prime factors of v(o)?
61
Let u = -332 - -625. List the prime factors of u.
293
Let l = -5550 + 7848. What are the prime factors of l?
2, 3, 383
Let a(z) = -2*z**2 - z - z**3 + 0*z + 0*z**2 + 0*z**2. Let b be a(-1). Let d(k) = -k + 7. What are the prime factors of d(b)?
7
Let u be -226 - (2/1)/1. List the prime factors of (u/36)/((-2)/12).
2, 19
Let v(d) = 29*d**2 + 4*d - 13. Let b be v(2). Let l = b - -127. List the prime factors of l.
2, 7, 17
Suppose o = 2, o - 185 = -4*l + 357. Let y = -41 + l. List the prime factors of y.
2, 47
Suppose 4*p = -2*i + 2 + 30, -2*i = -5*p + 4. Let o(g) = 14*g - 33. What are the prime factors of o(i)?
79
Suppose -3*q + 1 = 5*z, 2*z = 4*z - 2*q - 10. Suppose -5*m + z*r + 66 = 16, -r = -5*m + 45. List the prime factors of (12/m)/((-6)/(-56)).
2, 7
Suppose 3*s + s = 768. Suppose 3*r + s = 5*r + 5*n, -4*r + 4*n + 328 = 0. List the prime factors of r.
2, 43
Let k(c) = -2 - c - 2*c + 2*c. Suppose -4*p = -5*w - 26, 2*p = -3*w - 0*p - 20. List the prime factors of k(w).
2
Let m(n) = -13*n + 23. List the prime factors of m(-25).
2, 3, 29
Suppose -4*s + 14 = -10. Suppose 2689 + s = 11*y. List the prime factors of y.
5, 7
Suppose -112*s = -95*s - 30600. What are the prime factors of s?
2, 3, 5
Let o = -9 + 12. Let v be 0/(o + (2 - 4)). Suppose 4*h = v, 140 = -m + 6*m - 4*h. List the prime factors of m.
2, 7
Let k(w) = 5*w - 13. Let g be k(2). List the prime factors of 0 - 6/g - -44.
2, 23
Suppose -10*c = 8*c - 7578. List the prime factors of c.
421
Let l(s) = -s + 15. Let w be l(10). Suppose -273 = -w*o - 2*o. What are the prime factors of o?
3, 13
Suppose -17*z + 18*z = 41. Let f = 11 - 33. Let x = f + z. What are the prime factors of x?
19
Let s(x) = -11*x**3 + 2*x**2 + x. Let i be s(-1). Suppose 5*c - 4*f - 6 = 0, c = -3*c - 4*f + i. List the prime factors of (116/6)/(c/3).
29
Let b = 327 + 45. List the prime factors of b.
2, 3, 31
Let j(w) = w**3 + 20*w**2 - 84*w + 16. What are the prime factors of j(-23)?
19
Let z = 819 - 131. List the prime factors of z.
2, 43
What are the prime factors of -99*(-4)/(-6)*-19?
2, 3, 11, 19
Let k(l) = -l - 13. Let o be k(-17). What are the prime factors of o/(-6) + 5520/45?
2, 61
Suppose c + 0*c - 1 = 0, 5*b - 25 = -5*c. Suppose 0 = w + b*x - 29, -w + 20 + 6 = x. List the prime factors of w.
5
Suppose 3*i + 28130 = 32*i. List the prime factors of i.
2, 5, 97
Let g(c) = -11*c**3 - 6*c**2 - 4*c - 32. List the prime factors of g(-6).
2, 269
List the prime factors of (38 - 15)/(-1 + 22/20).
2, 5, 23
Let h(b) = 118*b**2. Let o(f) = 23246*f**2. Let q(p) = -590*h(p) + 3*o(p). Let l be q(1). Let k = 171 - l. List the prime factors of k.
53
Let u = -29 - -43. Suppose -4*v = -2 - u. Suppose -v*a = -2*a - 16. What are the prime factors of a?
2
Let s be 42/4 - 2/4. Suppose s - 31 = x. Let m = -5 - x. What are the prime factors of m?
2
Let p = 18 + -14. Suppose 5*o = -p*l + 789 + 500, -4*o - 12 = 0. List the prime factors of l.
2, 163
Let r(v) = -v**3 + 13*v**2 - 13*v. Let b be r(12). List the prime factors of (-15)/(1 - (-16)/b).
3, 5
Let y(f) = -f**3 - 17*f**2 + f + 18. Let p be y(-17). Let h be (p - -2 - 1)*1. Suppose -h*z - 3*z = -5*j + 70, 0 = -j - 3*z + 30. List the prime factors of j.
2, 3
Let z = 1980 + -453. What are the prime factors of z?
3, 509
Let x(l) be the first derivative of 4*l**3 - l**2/2 - 2*l - 9. Let p be x(-2). Suppose -313 = -5*m - p. What are the prime factors of m?
53
Suppose 25*i = 32*i - 7273. List the prime factors of i.
1039
Let v = -4610 - 3670. Let c = -14338 - v. What are the prime factors of 4/26 - c/169?
2, 3
Suppose -a = 4*a - p - 94, 0 = 3*p - 3. Suppose -4*y = 3*j - 168, j - y + a = 82. What are the prime factors of j?
2, 3, 5
Suppose 0 = 4*d + d - 925. Let g = -131 + d. Suppose 4*k = 2 + g. What are the prime factors of k?
2, 7
Let m(o) = 8*o - 4. Suppose 4*i = 2*f + 112, 2*i = -2*f - 0*i - 112. Let c be 2/(-4) - f/16. List the prime factors of m(c).
2, 5
Let p(j) = -6*j**2 + 7*j - 7. Let k(c) = -c**2 + c. Let x(g) = 5*k(g) - p(g). Let f be x(4). List the prime factors of 5/(f/147) - -4.
53
Suppose -5*h + 1 = -x - 3*h, 5*h = 10. Suppose -2*b = x*b - 10. What are the prime factors of b?
2
Let t(y) = y + 2*y**3 + 0*y**3 + 10*y**2 + 8*y - y**3 + 6. Let c be t(-9). Let z = c - -1. List the prime factors of z.
7
Let x = 364 + -229. What are the prime factors of x?
3, 5
List the prime factors of 311/(-4 - 3/(-2)*3).
2, 311
Suppose -226 - 817 = 7*m. Let u = 9 - m. What are the prime factors of u?
2, 79
Suppose -4*q + 45 = 5*i - 79, 0 = 5*q - i - 155. Let j = 134 + q. What are the prime factors of j?
3, 5, 11
Suppose -2*d + 511 = 7. What are the prime factors of d?
2, 3, 7
Suppose -4*v + 2*r = v, -r + 5 = 0. What are the prime factors of (-6664)/(-52) - v/13?
2
Let v(b) = 816*b**2 - 3. What are the prime factors of v(1)?
3, 271
Let q be 0/(-8 + 3 - -3) - -6. What are the prime factors of -15*3/q*-10?
3, 5
Let d(q) = q + 7 - q - q - 2. Let u be d(0). Let l(h) = -h**2 + 9*h - 1. What are the prime factors of l(u)?
19
Let n = 285 + 48. What are the prime factors of n?
3, 37
Suppose 0 = -5*z - 25, -4*a - 2*z + 5819 - 325 = 0. List the prime factors of a.
2, 43
Let q = -1430 + 2070. List the prime factors of q.
2, 5
Suppose 215*v